q + 5*q + 947. What is the greatest common factor of 27 and a?
27
Suppose l = 5*l - 192. What is the greatest common factor of l and 72?
24
Let f = 27 - 7. Calculate the greatest common divisor of f and 5.
5
Let a be 2/(-2*4/(-56)). What is the greatest common divisor of a and 126?
14
Let y(i) = -i**3 - 12*i**2 + 10*i - 31. Let o be y(-13). Calculate the greatest common divisor of 200 and o.
8
Suppose n + 2*n - 825 = 0. Calculate the highest common divisor of n and 25.
25
Let m = 26 - 40. Let u = m + 10. Let n be (-2)/u + 21/2. What is the greatest common divisor of 33 and n?
11
Let k = 1 + 1. Suppose 0 = -5*d + 2*a + 446, -2*a + 184 = k*d - 0*a. Calculate the highest common factor of d and 36.
18
Let g = -18 + 165. Calculate the greatest common factor of 98 and g.
49
Let w(z) = 9*z**3 - z**2 + 1. Let y be w(-1). Let x be (3/y)/(1/(-15)). Let p = 7 + -2. What is the highest common divisor of x and p?
5
Let f be (1 + 5)/((-6)/(-56)). Let l(d) = d - 6. Let i be l(13). Calculate the highest common factor of i and f.
7
Let c be (3 - -7 - 2) + 6. Let j be 4/3*6/(-4). Let k = j + 58. Calculate the greatest common divisor of c and k.
14
Let k = -68 - -128. Calculate the greatest common divisor of k and 24.
12
Let m(j) = j**3 + 6*j**2 - 18*j + 8. Let l be m(-8). Calculate the highest common divisor of 6 and l.
6
Suppose 0 = -c - c. Suppose c*z + 3*z - 30 = -g, z + 4 = -5*g. Let w = -6 + 17. Calculate the highest common divisor of w and z.
11
Suppose -5*z + 112 = -2*m, -2*m + 3 = -5. What is the greatest common factor of 3 and z?
3
Let m(v) = v**2 - 9*v + 10. Let s be m(8). Suppose -s - 3 = -5*r. Let z be -6*(-2)/3*r. What is the highest common divisor of 1 and z?
1
Let t = -153 - -166. Calculate the greatest common factor of 65 and t.
13
Suppose s - 151 = 5*p, 4*p + 284 = 2*s - 0*s. What is the highest common factor of s and 17?
17
Let d = -216 - -312. Suppose -9*q = -12*q + d. Let g be 2/(-2*2/(-16)). What is the highest common factor of q and g?
8
Suppose -5*a + 14 = 59. Let p = a - -21. Calculate the greatest common divisor of p and 12.
12
Suppose -17 = -2*i - 7. Let n be 2/i + 190/25. Calculate the highest common divisor of 16 and n.
8
Suppose -4*p = 5*l - 273, -4*l = p - l - 63. Calculate the highest common factor of 12 and p.
12
Let f(a) = -50*a**2 + 1. Let d be f(1). Let r be (-2)/4*(13 + d). What is the greatest common divisor of r and 12?
6
Let x be ((-10)/(-4))/((-2)/(-4)). Let d(t) = 2*t - 2. Let j be d(x). Let u = 3 + 1. Calculate the greatest common divisor of u and j.
4
Suppose -3*r + q = 2*r - 37, -2*r + 22 = -4*q. Calculate the greatest common factor of r and 112.
7
Let z be (-23)/(-2) - (-4)/(-8). Calculate the greatest common divisor of 44 and z.
11
Suppose 4*z - 19 + 3 = 0. Suppose 5*q = -4*x - z, -2*x + 2 = -q - 4*x. Let u = q - -1. What is the greatest common divisor of u and 3?
1
Let h = -9 - -96. Calculate the greatest common factor of 29 and h.
29
Let b be -10*(216/(-10))/3. Suppose 8*j = 4*j + 52. Suppose 2*r - 5 = j. What is the greatest common divisor of b and r?
9
Let n be (-1)/(2/2) - -21. What is the highest common divisor of 30 and n?
10
Suppose 3*v + z + 25 = -0, 2*z + 41 = -5*v. Let p = 1 - v. What is the highest common divisor of 20 and p?
10
Let o be -1 + 2*(-159)/(-6). Let x = -26 + o. Calculate the highest common factor of x and 39.
13
Suppose 0 = p - 2*p + 19. Let i(l) = 13*l + 5. Let f be i(4). What is the highest common divisor of p and f?
19
Let d be 4/3*(-9)/2. Let p be 238/6 + (-1)/(-3). Let x be (12/(-8))/(d/p). Calculate the greatest common factor of 50 and x.
10
Let u = -16 - 34. Let z be (80/u)/((-1)/45). Calculate the greatest common factor of 24 and z.
24
Let k(n) = -n**3 + 5*n**2 + 6*n + 3. Let g be k(6). Let t be 3 + 0 + g + 3. What is the greatest common divisor of t and 3?
3
Let j = 43 + -30. Suppose -g + 352 = 3*z, -350 = 4*z - 7*z + g. Calculate the greatest common divisor of z and j.
13
Let i = -5 - -9. Let f = 16 - 8. Suppose -v - 4*v = 5*p - 20, 4*p = f. What is the greatest common factor of i and v?
2
Let x be 20/6 - 3/9. Suppose -z + 82 + 37 = 2*w, 4*w = -4*z + 236. Suppose -x*b + w = -b. What is the greatest common divisor of b and 10?
10
Let d be (-2)/4 + (-108)/8. Let j be (-5 - 2)*60/d. What is the greatest common factor of 20 and j?
10
Let s = -3 - -9. Let k(x) = -x**3 + 5*x**2 + 9*x - 4. Let l be k(s). What is the highest common divisor of 112 and l?
14
Let d be (-18)/(-12)*(-28)/(-6). Calculate the highest common divisor of d and 49.
7
Suppose -3*f = -4*t + 246, -5*f = -4*t + 2*t + 130. Calculate the highest common factor of 20 and t.
20
Suppose -h = -4*x - 58, 2*x = -5*h + 108 + 138. Let n = -23 + h. Calculate the greatest common divisor of 9 and n.
9
Let s = 17 + -9. Calculate the greatest common factor of 2 and s.
2
Let u(t) = 3*t**2 + 7*t - 3. Let n be u(-4). Calculate the greatest common divisor of 17 and n.
17
Suppose -3*j + 41 - 32 = 0. Suppose -5*i + m + 8 + 6 = 0, -3*m - 9 = -4*i. What is the highest common factor of i and j?
3
Let p(h) = h**3 + 2*h**2 + h - 1. Let j be p(-2). Let m = j - -21. What is the greatest common factor of m and 9?
9
Let c be (0 + 52)*(-8)/(-8). Calculate the greatest common divisor of 26 and c.
26
Let a be (2 + (-159)/4)*-4. Suppose -4*g + 0*y = y - 611, -g = 2*y - a. What is the greatest common factor of 17 and g?
17
Let o(h) = h**2 - 25. Let w be o(-10). What is the greatest common divisor of 15 and w?
15
Suppose -3*h = 15, 4*o - h - 29 = 3*o. Let k(z) = -z - 4. Let a be k(-4). Suppose 0*p + 5*p - 180 = a. What is the highest common factor of o and p?
12
Suppose 451 = -5*z - 3*x, 2*z - x + 265 = -z. Let c = 61 + z. Let p be c*1/(-4)*7. Calculate the highest common divisor of p and 7.
7
Let k be 1*-4 + (3 - -31). What is the highest common divisor of 15 and k?
15
Suppose 0 = 4*j - 3*n - 21 + 1, 5*j - 20 = 5*n. Let b = j + 7. What is the highest common divisor of b and 5?
5
Let s(d) = -d**2 - 12*d + 14. Let q be s(-12). Suppose q + 1 = k. Calculate the greatest common divisor of k and 3.
3
Let d = 14 + -8. Let t(h) = 6*h + 34. Let v be t(-5). What is the highest common divisor of v and d?
2
Let g be 9 + -4 + 78 - -2*1. What is the greatest common factor of g and 17?
17
Let r be 126/15 + 2/(-5). Let b = -5 + r. What is the highest common factor of b and 15?
3
Let b = 2 + 8. What is the greatest common factor of 10 and b?
10
Let g = 31 - 2. What is the greatest common factor of g and 203?
29
Let u be 1378/39 - 4/(-6). What is the greatest common divisor of u and 24?
12
Let f(s) = 2*s**3 - s**2 + 3*s - 3. Let l be f(2). Suppose 0 = -c - 5, 58 = -2*d - c + 383. What is the greatest common factor of l and d?
15
Suppose -4*j = 5*a - 375, -4*j + 3*a + 358 = -57. What is the greatest common factor of 40 and j?
20
Let c(v) = v**2 + 10*v - 9. Let l be c(-11). Calculate the greatest common divisor of 22 and l.
2
Let v(a) = -2*a - 4. Let f be v(-3). Let s(j) = -f + 4*j + 0*j**2 - j**2 + 3*j + 0*j**2. Let l be s(5). What is the greatest common divisor of l and 1?
1
Let v = 28 - 11. Let m(d) = d + 1. Let b(p) = -5*p + 11. Let j(a) = b(a) + 6*m(a). Let w be j(0). What is the greatest common factor of w and v?
17
Let r = 143 + -224. Let w = 17 - r. What is the highest common factor of w and 14?
14
Suppose -2*z - 6 = -3*z. Suppose -8 = 2*g - z*g. Suppose 36 = j + g*j. What is the greatest common factor of j and 108?
12
Let s be 132/8 - (-1)/(-2). Suppose 5*j = s + 154. Let c be (1/3 - 0)*153. What is the greatest common factor of j and c?
17
Let t = 43 + -19. Let x(h) = -h + 11. Let w be x(8). What is the greatest common divisor of w and t?
3
Suppose -g + 201 = -3*v, -5*v + 513 = 5*g - 472. Let x be 2/8 - (-87)/4. What is the highest common divisor of g and x?
22
Let b = 161 + -127. Calculate the highest common divisor of 34 and b.
34
Let c be 595/2*(-8)/(-10). What is the greatest common divisor of 34 and c?
34
Let h(s) = -4*s**2 + 2 + 5*s**2 - 3. Let b be h(-3). Let n be ((-2)/(-3)*6)/1. What is the greatest common factor of n and b?
4
Let b = -83 + 56. Let w be -2 - (-5)/((-15)/b). Calculate the greatest common divisor of 28 and w.
7
Let g(b) = b + 5. Let s be g(7). Let c = -131 - -191. What is the greatest common factor of c and s?
12
Suppose 0*z + 90 = 2*z. 